0. Suppose 0 = r*o + 5 + 1. Let i(w) = -2*w**2 - 4*w - 1. Calculate i(o).
-7
Let x(m) be the second derivative of -m**3/3 - m**2/2 - 11*m. Calculate x(3).
-7
Let j(p) = -4*p**3 - 6*p**2 - 6*p + 7. Let k(o) = 5*o**3 + 7*o**2 + 7*o - 8. Let b(c) = 6*j(c) + 5*k(c). Determine b(2).
4
Let r(l) = l**3 + 3*l - 3. Suppose -3*z + 2*d + 7 = 0, -2*d - 3*d = 4*z + 29. Let v be (3 - z)/((-12)/(-6)). Give r(v).
11
Let l(u) = u**3 - u**2 + u + 1. Let o = 4 - 2. Let x be 2/o + (-4 - -2). Let y be l(x). Let s(v) = 4*v + 1. Give s(y).
-7
Let t(w) = 2*w - 1. Suppose 2*q + 4 = 10. What is t(q)?
5
Let z = 4 + -3. Let o be ((-3)/1 - -3)/z. Suppose -6*a + 5*a - 2 = o. Let m(p) = -3*p - 3. Give m(a).
3
Let u(h) = h**3 - 2*h**2 + 2*h - 1. Let i(q) = -q**3 - 6*q**2 - q - 5. Let y be i(-6). Let x be u(y). Let a(v) = -v**3 - v**2 - 10. Calculate a(x).
-10
Let n(i) = i**2 + 0*i**2 - 10 - 10*i + 11*i. What is n(0)?
-10
Let h(k) = -k**3 - 2*k**2 - 3. Suppose 3*x - x - 24 = 0. Let z be ((-7)/14)/(2/x). Give h(z).
6
Let z(v) = -v**3 + 5*v**2 - 2*v - 3. Let u = 1 - 6. Let j = 13 + u. Suppose 2*w + 0 = j. Calculate z(w).
5
Let x(p) = 2*p + 12. Let u be x(-6). Let o(j) = j**2 - j - 4. Let h be o(u). Let y(d) = -d. What is y(h)?
4
Let t(z) = -4*z + 4. Suppose -2*w - 4*v = -10, -5*v - 2 + 4 = -w. Let i be t(w). Let s = 12 + i. Let a(l) = 2*l - 4. Give a(s).
4
Let a(r) = -r**2 - 4*r. Let n = 9 - 7. Suppose -n = 3*v + 4. Calculate a(v).
4
Let d = -1 - -7. Let h(w) = -w**3 + 5*w**2 + 8*w - 5. Give h(d).
7
Suppose 0*b - 3*b = 0. Suppose b = -0*f - 5*f + 10. Let r(k) = -5*k + 1 - k**2 + 0*k**f + 2*k. Determine r(-2).
3
Suppose -5*o - 7 - 3 = 0. Let g(l) = -2*l**2 + l - 2. Let f(b) = -b**2 + b - 1. Let z(k) = -3*f(k) + g(k). Calculate z(o).
9
Let w be (-2)/(-10) + (-72)/(-40). Let b(r) = 7*r**w - 10*r + 2 - 2 + 11*r. Calculate b(1).
8
Let f(m) = 3*m. Let v(n) = -9*n - 3. Let b(g) = 7*g - 5*g + 2 + 4*g. Let d(l) = 8*b(l) + 5*v(l). Let s be d(-1). What is f(s)?
-6
Suppose 4*b = -5*n + 2 - 48, n - 2 = 2*b. Let v(x) = -2 + x + 4 + 3. Determine v(n).
-1
Let h(p) = p - 1. Let f = -9 + 11. Suppose -t + 16 = -v + f*t, -5*t = -v - 24. Calculate h(v).
-5
Suppose -11 = -2*j - 3. Let b = -4 - -7. Let n(w) = -1 + b*w**2 - 2*w**2 - 1 - 3*w - 2. Determine n(j).
0
Let t(m) = -m**2 - 5*m - 3. Let u = 24 + -27. Give t(u).
3
Let s(c) = -c**3 + 2*c**2 - 3*c + 1. Let z = 85 + -83. What is s(z)?
-5
Suppose 4*n + 16 = 4*g, -4*n = -5*g + 8 + 10. Let l = 5 - g. Let j(d) = -d + l + d**2 - 3*d - 7. Calculate j(5).
1
Let t(w) be the first derivative of w**2 + 1/12*w**4 - 1/6*w**3 + 0*w - 3. Let k(z) be the second derivative of t(z). Calculate k(-3).
-7
Let w(d) = -d + 7. Let t be 10/4 - (1/(-2) - 0). Calculate w(t).
4
Let f(u) be the first derivative of -1/2*u**2 - 4 - u. Let v = -1 - 1. What is f(v)?
1
Suppose -26 = 4*n + 10. Let d = n + 6. Let h(z) = 2*z**2 + 4*z + 1. What is h(d)?
7
Let m(u) = -u**2 + u + 13. Let g(v) = v - 1. Let d(r) = 2*g(r) - m(r). Let f be d(0). Let p be (-24)/(-10) - (-6)/f. Let w(j) = j**2 + 2*j - 3. What is w(p)?
5
Let a(x) = -x**2 + 5*x - 1. Let g be a(4). Let t(c) = -c**3 + c**2 + 3*c - 1. Give t(g).
-10
Let i = -1 - 4. Let o = -10 + 9. Let p = i - o. Let x(b) = -b**3 - 5*b**2 - 4*b + 5. Calculate x(p).
5
Let f(s) = s**2 - 6*s + 7. Let d be f(6). Let z(i) = i - 7*i + d*i + 3. What is z(3)?
6
Let k(j) = j - 4. Let u = 10 + -11. Let g be u - -4 - (-1 - 2). Calculate k(g).
2
Let o(h) = -5*h**2 - 5*h + 25. Let a(d) = d**2. Let c(q) = -3*a(q) - o(q). Let m(l) = l**2 + 2*l - 12. Let g(w) = 2*c(w) - 5*m(w). Calculate g(0).
10
Let v(i) = -8*i**2 - 3*i - 3. Let z(w) = -7*w**2 - 3*w - 3. Let p(s) = 6*v(s) - 7*z(s). Give p(-3).
3
Suppose -1 = -2*x + 5. Let p = x - 4. Let t(g) = 4*g + 2 - g - 1. Determine t(p).
-2
Let u(z) = -2*z - 3. Let d(k) = -k**2 + k + 7. Let b be d(0). Let g(c) = 4*c + 5. Let y(q) = b*u(q) + 4*g(q). Let r = -8 - -5. Give y(r).
-7
Let i = 7 - 3. Let s(b) = -b**2 + 7*b - 3. Let l be s(5). Let d(a) = 6 + 5*a - l - 3*a**2 - 2*a**2 + a**3. Calculate d(i).
3
Let p(q) = -q**3 - 5*q**2 - 3*q. Let k be p(-4). Let i(j) = -j**2 - 2*j + 3. Calculate i(k).
-5
Let l(h) be the second derivative of -h**3/2 - 3*h**2/2 + 30*h - 1. Suppose 0 = -5*z + 6 - 21. Calculate l(z).
6
Let k(w) be the first derivative of -w**5/60 - 5*w**4/24 - w**3/6 + w**2 - 2. Let x(y) be the second derivative of k(y). Calculate x(-4).
3
Let p(x) = -7*x**3 + x**2 - 6*x. Let y(o) = -o**3 - o**2 + 1. Let n(m) = p(m) - 6*y(m). Suppose -12 = -3*c, 0 = w - 2*c + 4*c - 14. Calculate n(w).
-6
Let l = 11 - 19. Let n be (-2)/l - 7/(-4). Let t(q) = -3*q - n*q - 11*q**2 - 1 + q + 2*q. What is t(-1)?
-10
Let w(n) = -n**3 + n**2 + 18. Let v = 62 - 62. Give w(v).
18
Let d(p) = p**3 - 6*p**2 - 8*p + 8. Let o be d(7). Let l(x) = -4*x**3 - x**2 + 2*x - 1. Determine l(o).
-4
Let k(w) = w - 7. Let b(r) = r**3 + 9*r**2 + 5*r - 16. Let h be b(-8). Give k(h).
1
Let l(o) = -3*o**2 - 8*o - 7. Let s(y) = 16*y**2 + 40*y + 36. Let v(b) = 11*l(b) + 2*s(b). Determine v(-5).
10
Let m = -27 - -27. Let a(n) = -n + 19. What is a(m)?
19
Let b(w) be the third derivative of w**5/60 - 7*w**4/24 - 5*w**3/3 - 21*w**2. Give b(9).
8
Let l(b) = -2*b**3 - 7*b**2 + 2*b + 5. Let t be 1/(-3) - 110/(-33). Let g(r) = r**3 + r + 1. Let d(y) = t*g(y) + l(y). Calculate d(6).
2
Let p(t) = -t - 167*t**2 + 3*t + 4 + 168*t**2. Calculate p(-3).
7
Let f(j) be the third derivative of -j**5/30 + j**4/8 + j**3/3 - 13*j**2. Calculate f(-2).
-12
Let c = -106 + 111. Let o(b) = 4*b + 3 - 4 + 0*b - b**2. Determine o(c).
-6
Suppose -5*q - 32 = -7. Let f(s) be the second derivative of s**5/20 + 5*s**4/12 - s**3/6 - s**2/2 + 125*s - 2. What is f(q)?
4
Let g(z) = 5*z - 1 + z + 2. What is g(3)?
19
Let z(k) be the first derivative of -k**7/840 + k**6/72 + k**5/30 - k**3 + 4. Let r(p) be the third derivative of z(p). Calculate r(6).
-12
Let h(k) be the second derivative of -2*k + 1/2*k**3 + 1/360*k**6 + 0*k**2 - 1/24*k**4 + 0 + 0*k**5. Let f(n) be the second derivative of h(n). Calculate f(3).
8
Let k(n) be the second derivative of -n**6/720 + 7*n**5/120 + n**4/6 - n. Let x(a) be the third derivative of k(a). Calculate x(4).
3
Let j(a) be the third derivative of a**5/60 - 5*a**4/12 - 2*a**3 - 21*a**2. Calculate j(11).
-1
Let k(y) = -y + 3. Let h be k(7). Let r = h + 5. Let l(p) = 7*p**2 - 3*p**2 - r - 2*p**2. Calculate l(1).
1
Let f(q) = -9*q**2 - q - 1. Let k(u) = -9*u**2 - u - 1. Let v(a) = 2*f(a) - 3*k(a). What is v(-1)?
9
Let l(o) = -o**2 + 4*o - 2. Let r = -20 - -25. Determine l(r).
-7
Let o = 36 + -35. Let n(d) = -d**3 - 2*d**2 + d + d**3 + 4*d**3. Determine n(o).
3
Let s(w) = w**3 - 3*w**2 + 4*w - 3. Let b = -39 - -42. Determine s(b).
9
Suppose 2*u = -4*h - 1 + 7, 0 = 2*u + h. Let f(v) = v**3 - v**2 - 1. Let l(j) = -6*j**3 + 7*j**2 - j + 4. Let k(x) = u*l(x) - 4*f(x). Determine k(2).
6
Let h(p) be the first derivative of -p**3/3 + 4*p**2 + 5*p - 15. What is h(4)?
21
Let q(m) be the second derivative of -m**5/20 + 5*m**4/12 - m**3/2 - m**2 + 38*m - 1. Suppose 0 = 5*h - 2*h - 12. Suppose g = h - 1. What is q(g)?
7
Let z(m) = 5*m**2 - m. Let b be z(1). Suppose t = -b*t + 2*n + 32, -5*n - 29 = -4*t. Suppose t*h = 4*h. Let k(o) = o - 8. Determine k(h).
-8
Suppose -2*x = -6, 4*x + 2 = -3*h + 17. Suppose -3*m - h - 5 = 0. Let c(l) = -l**2 - 2*l + 2. Let t(s) = -s**2. Let z(o) = c(o) + 2*t(o). Calculate z(m).
-6
Let u(w) = -w - 20. Suppose 0 = -3*g - 5*v + 28 - 8, -4*g - 4*v + 16 = 0. Calculate u(g).
-20
Let c be 2*(-5)/10 - -4. Let d(w) = w**3 - 2*w**2 - 3*w + 2. Give d(c).
2
Suppose -5 = 3*i + 2*i. Let r = 0 + i. Let x(p) = 5*p**2 - p - 1. What is x(r)?
5
Let d(k) = k**3 - k - 2. Suppose 3*z = -l + 4, 3*z - 4*z + 4 = -l. Give d(z).
4
Let z(m) = m**3 + 8*m**2 + 6*m - 3. Suppose -5 = 2*p + 9. Let c be z(p). Suppose -25 = -n - c*n. Let a(v) = v**3 - 5*v**2 - 5. Determine a(n).
-5
Let t(d) = -5*d**3 + 5*d**2 + d - 26. Let s(c) = -14*c**3 + 14*c**2 + 3*c - 77. Let v(i) = -4*s(i) + 11*t(i). Calculate v(0).
22
Let i(l) be the first derivative of -l**4/4 - 5*l**3/3 - 2*l**2 + 12. Give i(-4).
0
Suppose -4*f - o = -19, 2*f + 5*o = 3*f - 10. Let b(l) = -l**3 + 3*l**2 + 8*l - 3. Determine b(f).
-13
Let f(w) = -w**2 + 4*w. Let x(g) = 11*g**3 - g**2. Let r be x(1). Let q be (4/(-2))/(r/(-25)). D